{"id":656,"date":"2021-06-23T18:59:45","date_gmt":"2021-06-23T15:59:45","guid":{"rendered":"https:\/\/enderorman.com\/home\/?page_id=656"},"modified":"2021-06-23T18:59:46","modified_gmt":"2021-06-23T15:59:46","slug":"656-2","status":"publish","type":"page","link":"https:\/\/enderorman.com\/home\/656-2\/","title":{"rendered":""},"content":{"rendered":"\n<section class=\"wp-block-themeisle-blocks-advanced-columns alignfull has-1-columns has-desktop-equal-layout has-tablet-equal-layout has-mobile-equal-layout has-nogap-gap has-vertical-unset has-vertical-undefined\" id=\"wp-block-themeisle-blocks-advanced-columns-923f722e\"><div class=\"wp-block-themeisle-blocks-advanced-columns-overlay\"><\/div><div class=\"innerblocks-wrap\">\n<div class=\"wp-block-themeisle-blocks-advanced-column\" id=\"wp-block-themeisle-blocks-advanced-column-2e4dcd0f\">\n<div class=\"wp-block-buttons is-content-justification-center\"><\/div>\n<\/div>\n<\/div><\/section>\n\n\n\n<p><\/p>\n\n\n\n<p><\/p>\n\n\n\n<h1><span class=\"has-inline-color has-neve-link-hover-color-color\">Medelit<\/span><\/h1>\n\n\n\n<p class=\"has-medium-font-size\"><strong>\u0130nce Light MDF<\/strong><\/p>\n\n\n\n<p class=\"has-medium-font-size\">MEDEL\u0130T (\u0130nce Light MDF), standart \u0130nce mm MDF&#8217;ye g\u00f6re daha d\u00fc\u015f\u00fck yo\u011funlukta, daha az diren\u00e7li, daha esnek, duralit muadili bir <\/p>\n\n\n\n<p class=\"has-medium-font-size\">malzemedir. \u0130ki y\u00fczeyi d\u00fczd\u00fcr, stabil y\u00fczey kalitesine ve stabil yo\u011funlu\u011fa sahiptir.<\/p>\n\n\n\n<p><\/p>\n\n\n\n<p><\/p>\n\n\n\n<p class=\"has-medium-font-size\">\u00c7ek-Yat t\u00fcr\u00fc koltuk imalat\u0131nda, meyve sand\u0131\u011f\u0131 imalat\u0131nda, resim \u00e7er\u00e7evesi arkal\u0131\u011f\u0131 ve mobilya sekt\u00f6r\u00fcnde genel ama\u00e7l\u0131 kullan\u0131l\u0131r. <\/p>\n\n\n\n<p class=\"has-medium-font-size\">Laklama ve boyama gibi i\u015flemlere uygulanabilir.<\/p>\n\n\n\n<p class=\"has-nv-site-bg-color has-neve-link-color-background-color has-text-color has-background has-normal-font-size\"><strong>\u00d6L\u00c7\u00dc VE \u00d6ZELL\u0130KLER<\/strong><\/p>\n\n\n\n<div class=\"wp-block-themeisle-blocks-advanced-columns has-1-columns has-desktop-equal-layout has-tablet-equal-layout has-mobile-equal-layout has-default-gap has-vertical-center\" id=\"wp-block-themeisle-blocks-advanced-columns-d17ec3c7\"><div class=\"wp-block-themeisle-blocks-advanced-columns-overlay\"><\/div><div class=\"innerblocks-wrap\">\n<div class=\"wp-block-themeisle-blocks-advanced-column\" id=\"wp-block-themeisle-blocks-advanced-column-f5bda66a\">\n<div class=\"wp-block-columns are-vertically-aligned-center\">\n<div class=\"wp-block-column is-vertically-aligned-center\" style=\"flex-basis:100%\">\n<div class=\"pane\" style=\"display: block;\">\n        <div class=\"four columns\">\n\t\t\t\t<div class=\"imgAuto\"><img style=\"margin-left:30%\" src=\"http:\/\/teverpan.com.tr\/i\/assets\/images\/content\/bos.jpg\"><\/div>\n\t\t\t<\/div>\n\t\t\t<div class=\"eight columns omega alpha\">\n\t\t\t\t<div class=\"table blockAuto blockAuto-1 tableTwo\">\n\t\t\t\t\t<table>\n\t\t\t\t\t\t<tbody>\n\t\t\t\t\t\t\t<\/tbody><thead>\n\t\t\t\t\t\t\t<tr style=\"background: #aaaa\">\n\t\t\t\t\t\t\t\t<th>Kal\u0131nl\u0131k (mm)<\/th>\n\t\t\t\t\t\t\t\t<th>Geni\u015flik (mm)<\/th>\n\t\t\t\t\t\t\t\t<th>Uzunluk (mm)<\/th>\n\t\t\t\t\t\t\t<\/tr>\n\t\t\t\t\t\t\t<\/thead>\n\t\t\t\t\t\t\t<tbody><tr style=\"background: rgb(255, 255, 255);\">\n\t\t\t\t\t\t\t\t<td style=\"background: none;\">2.5, 2.8<\/td>\n\t\t\t\t\t\t\t\t<td style=\"background: none;\">2100, 1830<\/td>\n\t\t\t\t\t\t\t\t<td style=\"background: none;\">2440, 2750, 3660<\/td>\n\t\t\t\t\t\t\t<\/tr>\n\t\t\t\t\t\t<\/tbody>\n\t\t\t\t\t<\/table>\n\t\t\t\t<\/div>\n\t\t\t<\/div>\n\t\t<\/div>\n<\/div>\n<\/div>\n<\/div>\n<\/div><\/div>\n","protected":false},"excerpt":{"rendered":"<p>Medelit \u0130nce Light MDF MEDEL\u0130T (\u0130nce Light MDF), standart \u0130nce mm MDF&#8217;ye g\u00f6re daha d\u00fc\u015f\u00fck yo\u011funlukta, daha az diren\u00e7li, daha esnek, duralit muadili bir malzemedir. \u0130ki y\u00fczeyi d\u00fczd\u00fcr, stabil y\u00fczey kalitesine ve stabil yo\u011funlu\u011fa sahiptir. \u00c7ek-Yat t\u00fcr\u00fc koltuk imalat\u0131nda, meyve sand\u0131\u011f\u0131 imalat\u0131nda, resim \u00e7er\u00e7evesi arkal\u0131\u011f\u0131 ve mobilya sekt\u00f6r\u00fcnde genel ama\u00e7l\u0131 kullan\u0131l\u0131r. Laklama ve boyama gibi&hellip;&nbsp;<a href=\"https:\/\/enderorman.com\/home\/656-2\/\" class=\"\" rel=\"bookmark\">Daha fazlas\u0131n\u0131 oku &raquo;<span class=\"screen-reader-text\"><\/span><\/a><\/p>\n","protected":false},"author":1,"featured_media":0,"parent":0,"menu_order":0,"comment_status":"closed","ping_status":"closed","template":"","meta":{"neve_meta_sidebar":"full-width","neve_meta_container":"","neve_meta_enable_content_width":"on","neve_meta_content_width":100,"neve_meta_title_alignment":"","neve_meta_author_avatar":"","neve_post_elements_order":"","neve_meta_disable_header":"","neve_meta_disable_footer":"","neve_meta_disable_title":"","_ti_tpc_template_sync":false,"_ti_tpc_template_id":""},"_links":{"self":[{"href":"https:\/\/enderorman.com\/home\/wp-json\/wp\/v2\/pages\/656"}],"collection":[{"href":"https:\/\/enderorman.com\/home\/wp-json\/wp\/v2\/pages"}],"about":[{"href":"https:\/\/enderorman.com\/home\/wp-json\/wp\/v2\/types\/page"}],"author":[{"embeddable":true,"href":"https:\/\/enderorman.com\/home\/wp-json\/wp\/v2\/users\/1"}],"replies":[{"embeddable":true,"href":"https:\/\/enderorman.com\/home\/wp-json\/wp\/v2\/comments?post=656"}],"version-history":[{"count":1,"href":"https:\/\/enderorman.com\/home\/wp-json\/wp\/v2\/pages\/656\/revisions"}],"predecessor-version":[{"id":659,"href":"https:\/\/enderorman.com\/home\/wp-json\/wp\/v2\/pages\/656\/revisions\/659"}],"wp:attachment":[{"href":"https:\/\/enderorman.com\/home\/wp-json\/wp\/v2\/media?parent=656"}],"curies":[{"name":"wp","href":"https:\/\/api.w.org\/{rel}","templated":true}]}}