{"id":641,"date":"2021-06-23T18:49:26","date_gmt":"2021-06-23T15:49:26","guid":{"rendered":"https:\/\/enderorman.com\/home\/?page_id=641"},"modified":"2021-10-08T22:34:41","modified_gmt":"2021-10-08T19:34:41","slug":"641-2","status":"publish","type":"page","link":"https:\/\/enderorman.com\/home\/641-2\/","title":{"rendered":""},"content":{"rendered":"\n<section class=\"wp-block-themeisle-blocks-advanced-columns alignfull has-1-columns has-desktop-equal-layout has-tablet-equal-layout has-mobile-equal-layout has-nogap-gap has-vertical-unset has-vertical-undefined\" id=\"wp-block-themeisle-blocks-advanced-columns-923f722e\"><div class=\"wp-block-themeisle-blocks-advanced-columns-overlay\"><\/div><div class=\"innerblocks-wrap\">\n<div class=\"wp-block-themeisle-blocks-advanced-column\" id=\"wp-block-themeisle-blocks-advanced-column-2e4dcd0f\">\n<div class=\"wp-block-buttons is-content-justification-center\"><\/div>\n<\/div>\n<\/div><\/section>\n\n\n\n<p><\/p>\n\n\n\n<p><\/p>\n\n\n\n<h1><span class=\"has-inline-color has-neve-link-hover-color-color\">Suntalam<\/span><\/h1>\n\n\n\n<p class=\"has-medium-font-size\"><strong>Melaminli Kapl\u0131 Yonga Levha<\/strong><\/p>\n\n\n\n<p class=\"has-medium-font-size\">SUNTALAM (Melaminli Kapl\u0131 Yonga Levha) \u00fcr\u00fcn\u00fcm\u00fcz, kaliteli olmas\u0131n\u0131n yan\u0131s\u0131ra, \u00f6zenle se\u00e7ilen dekorlar\u0131n do\u011fal s\u0131cakl\u0131\u011f\u0131, her t\u00fcrl\u00fc <\/p>\n\n\n\n<p class=\"has-medium-font-size\">mobilya imalat\u0131 ve i\u00e7 mekan dekorasyonunda geni\u015f bir perspektif kazand\u0131r\u0131r.<\/p>\n\n\n\n<p class=\"has-medium-font-size\">Kalite bak\u0131m\u0131ndan m\u00fckemmelli\u011fi, dekor bak\u0131m\u0131ndan ise moday\u0131 yans\u0131t\u0131r. Mobilya \u00fcreticilerinin ve dekorat\u00f6rlerin dostudur.<\/p>\n\n\n\n<p class=\"has-nv-site-bg-color has-neve-link-color-background-color has-text-color has-background has-normal-font-size\"><strong>\u00d6L\u00c7\u00dc VE \u00d6ZELL\u0130KLER<\/strong><\/p>\n\n\n\n<div class=\"wp-block-themeisle-blocks-advanced-columns has-1-columns has-desktop-equal-layout has-tablet-equal-layout has-mobile-equal-layout has-default-gap has-vertical-center\" id=\"wp-block-themeisle-blocks-advanced-columns-d17ec3c7\"><div class=\"wp-block-themeisle-blocks-advanced-columns-overlay\"><\/div><div class=\"innerblocks-wrap\">\n<div class=\"wp-block-themeisle-blocks-advanced-column\" id=\"wp-block-themeisle-blocks-advanced-column-f5bda66a\">\n<div class=\"wp-block-columns are-vertically-aligned-center\">\n<div class=\"wp-block-column is-vertically-aligned-center\" style=\"flex-basis:100%\">\n<div class=\"pane\" style=\"display: block;\">\n        <div class=\"four columns\">\n\t\t\t\t<div class=\"imgAuto\"><img style=\"margin-left:30%\" src=\"http:\/\/teverpan.com.tr\/i\/assets\/images\/content\/suntalam01.jpg\"><\/div>\n\t\t\t<\/div>\n\t\t\t<div class=\"eight columns omega alpha\">\n\t\t\t\t<div class=\"table blockAuto blockAuto-1 tableTwo\">\n\t\t\t\t\t<table>\n\t\t\t\t\t\t<tbody>\n\t\t\t\t\t\t\t<\/tbody><thead>\n\t\t\t\t\t\t\t<tr style=\"background: #aaaa\">\n\t\t\t\t\t\t\t\t<th>Kal\u0131nl\u0131k (mm)<\/th>\n\t\t\t\t\t\t\t\t<th>Ebat (mm)<\/th>\n\t\t\t\t\t\t\t<\/tr>\n\t\t\t\t\t\t\t<\/thead>\n\t\t\t\t\t\t\t<tbody><tr style=\"background: rgb(255, 255, 255);\">\n\t\t\t\t\t\t\t\t<td style=\"background: none;\">8, 16, 18, 25 <\/td>\n\t\t\t\t\t\t\t\t<td style=\"background: none;\">1830&#215;3660<\/td>\n\t\t\t\t\t\t\t<\/tr>\n\t\t\t\t\t\t<\/tbody>\n\t\t\t\t\t<\/table>\n\t\t\t\t<\/div>\n\t\t\t<\/div>\n\t\t<\/div>\n<\/div>\n<\/div>\n<\/div>\n<\/div><\/div>\n\n\n\n<p class=\"has-nv-site-bg-color has-neve-link-color-background-color has-text-color has-background has-normal-font-size\"><strong>RENK KARTELASI<\/strong><\/p>\n\n\n\n<div class=\"wp-block-columns has-nv-site-bg-color has-pale-ocean-gradient-background has-text-color has-background\">\n<div class=\"wp-block-column\" style=\"flex-basis:25%\">\n<div class=\"wp-block-group\"><div class=\"wp-block-group__inner-container\">\n<figure class=\"wp-block-image size-large is-resized\"><img loading=\"lazy\" src=\"https:\/\/teverpan.com.tr\/i\/content\/202_1_M222-efescam.jpg\" alt=\"\" width=\"252\" height=\"236\"\/><figcaption><strong><span class=\"has-inline-color has-neve-text-color-color\">M222 EFES \u00c7AM<\/span><\/strong><\/figcaption><\/figure>\n\n\n\n<p><\/p>\n<\/div><\/div>\n<\/div>\n\n\n\n<div class=\"wp-block-column is-vertically-aligned-top\" style=\"flex-basis:25%\">\n<figure class=\"wp-block-image size-large\"><img src=\"http:\/\/teverpan.com.tr\/i\/content\/343_1_M208-ringa.jpg\" alt=\"\"\/><figcaption><strong><span class=\"has-inline-color has-neve-text-color-color\">M208 R\u0130NGA<\/span><\/strong><\/figcaption><\/figure>\n<\/div>\n\n\n\n<div class=\"wp-block-column\" style=\"flex-basis:25%\">\n<figure class=\"wp-block-image size-large\"><img src=\"http:\/\/teverpan.com.tr\/i\/content\/201_1_M207-simay.jpg\" alt=\"\"\/><figcaption><strong><span class=\"has-inline-color has-neve-text-color-color\">M207 S\u0130MAY<\/span><\/strong><\/figcaption><\/figure>\n<\/div>\n\n\n\n<div class=\"wp-block-column\" style=\"flex-basis:25%\">\n<figure class=\"wp-block-image size-large is-resized\"><img loading=\"lazy\" src=\"http:\/\/teverpan.com.tr\/i\/content\/218_1_ASKAR1.jpg\" alt=\"\" width=\"256\" height=\"240\"\/><figcaption><strong><span class=\"has-inline-color has-neve-text-color-color\">M194 ASKAR ME\u015eE<\/span><\/strong><\/figcaption><\/figure>\n<\/div>\n<\/div>\n\n\n\n<div class=\"wp-block-columns has-pale-ocean-gradient-background has-background\">\n<div class=\"wp-block-column\" style=\"flex-basis:25%\">\n<figure class=\"wp-block-image size-large\"><img src=\"http:\/\/teverpan.com.tr\/i\/content\/338_1_rimini_b.jpg\" alt=\"\"\/><figcaption><strong>M164 R\u0130M\u0130N\u0130 CEV\u0130Z<\/strong><\/figcaption><\/figure>\n\n\n\n<p><\/p>\n<\/div>\n\n\n\n<div class=\"wp-block-column\" style=\"flex-basis:25%\">\n<figure class=\"wp-block-image size-large\"><img src=\"http:\/\/teverpan.com.tr\/i\/content\/344_1_VELIMESE1.jpg\" alt=\"\"\/><figcaption><strong>M192 VEL\u0130ME\u015eE<\/strong><\/figcaption><\/figure>\n<\/div>\n\n\n\n<div class=\"wp-block-column\" style=\"flex-basis:25%\">\n<figure class=\"wp-block-image size-large\"><img src=\"http:\/\/teverpan.com.tr\/i\/content\/346_1_katanya_b.jpg\" alt=\"\"\/><figcaption><strong>M165 KATANYA<\/strong><\/figcaption><\/figure>\n<\/div>\n\n\n\n<div class=\"wp-block-column\" style=\"flex-basis:25%\">\n<figure class=\"wp-block-image size-large is-resized\"><img loading=\"lazy\" src=\"http:\/\/teverpan.com.tr\/i\/content\/207_1_yeni_akca_b.jpg\" alt=\"\" width=\"269\" height=\"252\"\/><figcaption><strong>M171 YEN\u0130 AK\u00c7A<\/strong><\/figcaption><\/figure>\n<\/div>\n<\/div>\n\n\n\n<div class=\"wp-block-columns has-pale-ocean-gradient-background has-background\">\n<div class=\"wp-block-column\" style=\"flex-basis:25%\">\n<figure class=\"wp-block-image size-large\"><img src=\"http:\/\/teverpan.com.tr\/i\/content\/350_1_enna_b.jpg\" alt=\"\"\/><figcaption><strong>M168 ENNA ME\u015eE<\/strong><\/figcaption><\/figure>\n<\/div>\n\n\n\n<div class=\"wp-block-column\" style=\"flex-basis:25%\">\n<figure class=\"wp-block-image size-large\"><img src=\"http:\/\/teverpan.com.tr\/i\/content\/340_1_okyanus_b.jpg\" alt=\"\"\/><figcaption><strong>M170 OKYANUS<\/strong><\/figcaption><\/figure>\n<\/div>\n\n\n\n<div class=\"wp-block-column\" style=\"flex-basis:25%\">\n<figure class=\"wp-block-image size-large\"><img src=\"http:\/\/teverpan.com.tr\/i\/content\/335_1_karini_b.jpg\" alt=\"\"\/><figcaption><strong>M169 KAR\u0130N\u0130 CEV\u0130Z<\/strong><\/figcaption><\/figure>\n<\/div>\n\n\n\n<div class=\"wp-block-column\" style=\"flex-basis:25%\">\n<figure class=\"wp-block-image size-large is-resized\"><img loading=\"lazy\" src=\"http:\/\/teverpan.com.tr\/i\/content\/192_1_royal_mese_b.jpg\" alt=\"\" width=\"269\" height=\"252\"\/><figcaption><strong>M152 ROYAL ME\u015eE<\/strong><\/figcaption><\/figure>\n<\/div>\n<\/div>\n\n\n\n<div class=\"wp-block-columns has-pale-ocean-gradient-background has-background\">\n<div class=\"wp-block-column\" style=\"flex-basis:25%\">\n<figure class=\"wp-block-image size-large\"><img src=\"http:\/\/teverpan.com.tr\/i\/content\/332_1_pedro_ceviz_b.jpg\" alt=\"\"\/><figcaption><strong>M151 PEDRO CEV\u0130Z<\/strong><\/figcaption><\/figure>\n<\/div>\n\n\n\n<div class=\"wp-block-column\" style=\"flex-basis:25%\">\n<figure class=\"wp-block-image size-large\"><img src=\"http:\/\/teverpan.com.tr\/i\/content\/341_1_fernor_B.jpg\" alt=\"\"\/><figcaption><strong>M157 FERNOR CEV\u0130Z<\/strong><\/figcaption><\/figure>\n<\/div>\n\n\n\n<div class=\"wp-block-column\" style=\"flex-basis:25%\">\n<figure class=\"wp-block-image size-large\"><img src=\"http:\/\/teverpan.com.tr\/i\/content\/213_1_yeni_sumela_b.jpg\" alt=\"\"\/><figcaption><strong>M154 S\u00dcMELA<\/strong><\/figcaption><\/figure>\n<\/div>\n\n\n\n<div class=\"wp-block-column\" style=\"flex-basis:25%\">\n<figure class=\"wp-block-image size-large is-resized\"><img loading=\"lazy\" src=\"http:\/\/teverpan.com.tr\/i\/content\/188_1_sonoma_buyuk.jpg\" alt=\"\" width=\"269\" height=\"252\"\/><figcaption><strong>M125 SONOMA<\/strong><\/figcaption><\/figure>\n<\/div>\n<\/div>\n\n\n\n<div class=\"wp-block-columns has-pale-ocean-gradient-background has-background\">\n<div class=\"wp-block-column\" style=\"flex-basis:25%\">\n<figure class=\"wp-block-image size-large\"><img src=\"http:\/\/teverpan.com.tr\/i\/content\/190_1_oze_mese_buyuk.jpg\" alt=\"\"\/><figcaption><strong>M117 OZE ME\u015eE<\/strong><\/figcaption><\/figure>\n<\/div>\n\n\n\n<div class=\"wp-block-column\" style=\"flex-basis:25%\">\n<figure class=\"wp-block-image size-large\"><img src=\"http:\/\/teverpan.com.tr\/i\/content\/352_1_yenisantiagobeyaz_b.jpg\" alt=\"\"\/><figcaption><strong>M159 YEN\u0130 SANTIAGO BEYAZ<\/strong><\/figcaption><\/figure>\n\n\n\n<p><\/p>\n<\/div>\n\n\n\n<div class=\"wp-block-column\" style=\"flex-basis:25%\">\n<figure class=\"wp-block-image size-large\"><img src=\"http:\/\/teverpan.com.tr\/i\/content\/208_1_siena_buyuk.jpg\" alt=\"\"\/><figcaption><strong>M102 SIENA<\/strong><\/figcaption><\/figure>\n<\/div>\n\n\n\n<div class=\"wp-block-column\" style=\"flex-basis:25%\">\n<figure class=\"wp-block-image size-large is-resized\"><img loading=\"lazy\" src=\"http:\/\/teverpan.com.tr\/i\/content\/210_1_nostalji_buyuk.jpg\" alt=\"\" width=\"269\" height=\"252\"\/><figcaption><strong>M122 NOSTALJ\u0130<\/strong><\/figcaption><\/figure>\n<\/div>\n<\/div>\n\n\n\n<div class=\"wp-block-columns has-pale-ocean-gradient-background has-background\">\n<div class=\"wp-block-column\" style=\"flex-basis:25%\">\n<figure class=\"wp-block-image size-large\"><img src=\"http:\/\/teverpan.com.tr\/i\/content\/216_1_oze-ceviz_buyuk.jpg\" alt=\"\"\/><figcaption><strong>M128 OZE CEV\u0130Z<\/strong><\/figcaption><\/figure>\n<\/div>\n\n\n\n<div class=\"wp-block-column\" style=\"flex-basis:25%\">\n<figure class=\"wp-block-image size-large\"><img src=\"http:\/\/teverpan.com.tr\/i\/content\/328_1_gabon-ceviz_buyuk.jpg\" alt=\"\"\/><figcaption><strong>M067 GABON CEV\u0130Z<\/strong><\/figcaption><\/figure>\n\n\n\n<p><\/p>\n<\/div>\n\n\n\n<div class=\"wp-block-column\" style=\"flex-basis:25%\">\n<figure class=\"wp-block-image size-large\"><img src=\"http:\/\/teverpan.com.tr\/i\/content\/336_1_bambu_buyuk.jpg\" alt=\"\"\/><figcaption><strong>M100 BAMBU<\/strong><\/figcaption><\/figure>\n<\/div>\n\n\n\n<div class=\"wp-block-column\" style=\"flex-basis:25%\">\n<figure class=\"wp-block-image size-large is-resized\"><img loading=\"lazy\" src=\"http:\/\/teverpan.com.tr\/i\/content\/339_1_M202-koton.jpg\" alt=\"\" width=\"269\" height=\"252\"\/><figcaption><strong>M202 KOTON<\/strong><\/figcaption><\/figure>\n<\/div>\n<\/div>\n\n\n\n<div class=\"wp-block-columns has-pale-ocean-gradient-background has-background\">\n<div class=\"wp-block-column\" style=\"flex-basis:25%\">\n<figure class=\"wp-block-image size-large\"><img src=\"http:\/\/teverpan.com.tr\/i\/content\/334_1_M206-toprak-bm.jpg\" alt=\"\"\/><figcaption><strong>M206 BM<\/strong><\/figcaption><\/figure>\n<\/div>\n\n\n\n<div class=\"wp-block-column\" style=\"flex-basis:25%\">\n<figure class=\"wp-block-image size-large\"><img src=\"http:\/\/teverpan.com.tr\/i\/content\/337_1_metalik-inci_buyuk.jpg\" alt=\"\"\/><figcaption><strong>M139 METAL\u0130K \u0130NC\u0130<\/strong><\/figcaption><\/figure>\n\n\n\n<p><\/p>\n<\/div>\n\n\n\n<div class=\"wp-block-column\" style=\"flex-basis:25%\">\n<figure class=\"wp-block-image size-large is-resized\"><img loading=\"lazy\" src=\"http:\/\/teverpan.com.tr\/i\/content\/219_1_M181COLKUMU_b.jpg\" alt=\"\" width=\"252\" height=\"236\"\/><figcaption><strong>M181 \u00c7\u00d6L KUMU<\/strong><\/figcaption><\/figure>\n<\/div>\n\n\n\n<div class=\"wp-block-column\" style=\"flex-basis:25%\">\n<figure class=\"wp-block-image size-large is-resized\"><img loading=\"lazy\" src=\"http:\/\/teverpan.com.tr\/i\/content\/5266_1_M183%20NEH%C4%B0R%20KUMU_B.jpg\" alt=\"\" width=\"269\" height=\"252\"\/><figcaption><strong>M183 NEH\u0130R KUMU<\/strong><\/figcaption><\/figure>\n<\/div>\n<\/div>\n\n\n\n<div class=\"wp-block-columns has-pale-ocean-gradient-background has-background\">\n<div class=\"wp-block-column\" style=\"flex-basis:25%\">\n<figure class=\"wp-block-image size-large\"><img src=\"http:\/\/teverpan.com.tr\/i\/content\/5265_1_M182%20KUM%20BEJ%C4%B0_B.jpg\" alt=\"\"\/><figcaption><strong>M182 KUM BEJ\u0130<\/strong><\/figcaption><\/figure>\n<\/div>\n\n\n\n<div class=\"wp-block-column\" style=\"flex-basis:25%\">\n<figure class=\"wp-block-image size-large\"><img src=\"http:\/\/teverpan.com.tr\/i\/content\/347_1_aytasi_buyuk.jpg\" alt=\"\"\/><figcaption><strong>M129 AYTA\u015eI<\/strong><\/figcaption><\/figure>\n\n\n\n<p><\/p>\n<\/div>\n\n\n\n<div class=\"wp-block-column\" style=\"flex-basis:25%\">\n<figure class=\"wp-block-image size-large is-resized\"><img loading=\"lazy\" src=\"http:\/\/teverpan.com.tr\/i\/content\/349_1_opak-beyaz_buyuk.jpg\" alt=\"\" width=\"252\" height=\"236\"\/><figcaption><strong>M120 OPAK BEYAZ<\/strong><\/figcaption><\/figure>\n<\/div>\n\n\n\n<div class=\"wp-block-column\" style=\"flex-basis:25%\">\n<figure class=\"wp-block-image size-large is-resized\"><img loading=\"lazy\" src=\"http:\/\/teverpan.com.tr\/i\/content\/348_1_capucino_buyuk.jpg\" alt=\"\" width=\"269\" height=\"252\"\/><figcaption><strong>M156 YEN\u0130 CAPUCCINO<\/strong><\/figcaption><\/figure>\n<\/div>\n<\/div>\n\n\n\n<div class=\"wp-block-columns has-pale-ocean-gradient-background has-background\">\n<div class=\"wp-block-column\" style=\"flex-basis:25%\">\n<figure class=\"wp-block-image size-large\"><img src=\"http:\/\/teverpan.com.tr\/i\/content\/331_1_trend_krem_b.jpg\" alt=\"\"\/><figcaption><strong>M153 TREND KREM<\/strong><\/figcaption><\/figure>\n<\/div>\n\n\n\n<div class=\"wp-block-column\" style=\"flex-basis:25%\">\n<figure class=\"wp-block-image size-large\"><img src=\"http:\/\/teverpan.com.tr\/i\/content\/326_1_antrasit_b.jpg\" alt=\"\"\/><figcaption><strong>M158 ANTRAS\u0130T GR\u0130<\/strong><\/figcaption><\/figure>\n\n\n\n<p><\/p>\n<\/div>\n\n\n\n<div class=\"wp-block-column\" style=\"flex-basis:25%\">\n<figure class=\"wp-block-image size-large is-resized\"><img loading=\"lazy\" src=\"http:\/\/teverpan.com.tr\/i\/content\/195_1_5224_1_MP008B.jpg\" alt=\"\" width=\"252\" height=\"236\"\/><figcaption><strong>M162 KIRMIZI<\/strong><\/figcaption><\/figure>\n<\/div>\n\n\n\n<div class=\"wp-block-column\" style=\"flex-basis:25%\">\n<figure class=\"wp-block-image size-large is-resized\"><img loading=\"lazy\" src=\"http:\/\/teverpan.com.tr\/i\/content\/211_1_5232_1_MP014B.jpg\" alt=\"\" width=\"269\" height=\"252\"\/><figcaption><strong>M173 PETROL MAV\u0130<\/strong><\/figcaption><\/figure>\n<\/div>\n<\/div>\n\n\n\n<div class=\"wp-block-columns has-pale-ocean-gradient-background has-background\">\n<div class=\"wp-block-column\" style=\"flex-basis:25%\">\n<figure class=\"wp-block-image size-large\"><img src=\"http:\/\/teverpan.com.tr\/i\/content\/215_1_5233_1_MP015B.jpg\" alt=\"\"\/><figcaption><strong>M172 KAHVE<\/strong><\/figcaption><\/figure>\n<\/div>\n\n\n\n<div class=\"wp-block-column\" style=\"flex-basis:25%\">\n<figure class=\"wp-block-image size-large is-resized\"><img loading=\"lazy\" src=\"http:\/\/teverpan.com.tr\/i\/content\/5320_1_SIYAH2.jpg\" alt=\"\" width=\"252\" height=\"236\"\/><figcaption><strong>M035 S\u0130YAH<\/strong><\/figcaption><\/figure>\n\n\n\n<p><\/p>\n<\/div>\n\n\n\n<div class=\"wp-block-column\" style=\"flex-basis:25%\">\n<figure class=\"wp-block-image size-large is-resized\"><img loading=\"lazy\" src=\"http:\/\/teverpan.com.tr\/i\/content\/193_1_M195ACIK%20GRI.jpg\" alt=\"\" width=\"252\" height=\"236\"\/><figcaption><strong>M195 A\u00c7IK GR\u0130<\/strong><\/figcaption><\/figure>\n<\/div>\n\n\n\n<div class=\"wp-block-column\" style=\"flex-basis:25%\">\n<figure class=\"wp-block-image size-large is-resized\"><img loading=\"lazy\" src=\"http:\/\/teverpan.com.tr\/i\/content\/345_1_M162-murdum.jpg\" alt=\"\" width=\"269\" height=\"252\"\/><figcaption><strong>M162 M\u00dcRD\u00dcM<\/strong><\/figcaption><\/figure>\n<\/div>\n<\/div>\n","protected":false},"excerpt":{"rendered":"<p>Suntalam Melaminli Kapl\u0131 Yonga Levha SUNTALAM (Melaminli Kapl\u0131 Yonga Levha) \u00fcr\u00fcn\u00fcm\u00fcz, kaliteli olmas\u0131n\u0131n yan\u0131s\u0131ra, \u00f6zenle se\u00e7ilen dekorlar\u0131n do\u011fal s\u0131cakl\u0131\u011f\u0131, her t\u00fcrl\u00fc mobilya imalat\u0131 ve i\u00e7 mekan dekorasyonunda geni\u015f bir perspektif kazand\u0131r\u0131r. Kalite bak\u0131m\u0131ndan m\u00fckemmelli\u011fi, dekor bak\u0131m\u0131ndan ise moday\u0131 yans\u0131t\u0131r. Mobilya \u00fcreticilerinin ve dekorat\u00f6rlerin dostudur. \u00d6L\u00c7\u00dc VE \u00d6ZELL\u0130KLER RENK KARTELASI<\/p>\n","protected":false},"author":1,"featured_media":0,"parent":0,"menu_order":0,"comment_status":"closed","ping_status":"closed","template":"","meta":{"neve_meta_sidebar":"full-width","neve_meta_container":"","neve_meta_enable_content_width":"on","neve_meta_content_width":100,"neve_meta_title_alignment":"","neve_meta_author_avatar":"","neve_post_elements_order":"","neve_meta_disable_header":"","neve_meta_disable_footer":"","neve_meta_disable_title":"","_ti_tpc_template_sync":false,"_ti_tpc_template_id":""},"_links":{"self":[{"href":"https:\/\/enderorman.com\/home\/wp-json\/wp\/v2\/pages\/641"}],"collection":[{"href":"https:\/\/enderorman.com\/home\/wp-json\/wp\/v2\/pages"}],"about":[{"href":"https:\/\/enderorman.com\/home\/wp-json\/wp\/v2\/types\/page"}],"author":[{"embeddable":true,"href":"https:\/\/enderorman.com\/home\/wp-json\/wp\/v2\/users\/1"}],"replies":[{"embeddable":true,"href":"https:\/\/enderorman.com\/home\/wp-json\/wp\/v2\/comments?post=641"}],"version-history":[{"count":2,"href":"https:\/\/enderorman.com\/home\/wp-json\/wp\/v2\/pages\/641\/revisions"}],"predecessor-version":[{"id":724,"href":"https:\/\/enderorman.com\/home\/wp-json\/wp\/v2\/pages\/641\/revisions\/724"}],"wp:attachment":[{"href":"https:\/\/enderorman.com\/home\/wp-json\/wp\/v2\/media?parent=641"}],"curies":[{"name":"wp","href":"https:\/\/api.w.org\/{rel}","templated":true}]}}